4*n**2 + 15*n**2 - 20 + 5*n + 0*n - 10*n**2. Let d be m(15). Suppose 0 = 5*u - d + 90. What is the units digit of u?
8
Let u = 146255 + -96590. What is the units digit of u?
5
Let t(x) = 3*x - 4*x - x + 5 - 3. Let o be t(-11). Let h = 43 - o. What is the units digit of h?
9
Suppose -5*b - 2*f - 49 = 0, -7*f + 9*f + 27 = -3*b. What is the units digit of (-25)/(-3)*(-2 - (-133 - b))?
0
Suppose -1993 = 52*t - 18685. Let b = t - 257. What is the units digit of b?
4
Let a = -126 + 128. Suppose -a*x = -3*x - 4*h + 276, 3*x = -5*h + 863. What is the units digit of x?
6
Let d be ((-4)/(-6))/(28/294) - 4. Suppose c = -3*c + d*t + 2705, -c + 671 = t. What is the units digit of c?
4
Let r = 46094 + -15140. What is the tens digit of r?
5
What is the tens digit of (21402 + -4 + 1 + -5)/1?
9
What is the ten thousands digit of ((-27678)/(-5))/((-58)/((-15080)/39))?
3
Let t = 26 + -15. Let m = -128 - -129. What is the tens digit of (11 - m)*t/2?
5
Let m be (-3 - -94 - 5)*2. Suppose 0*h + 471 = 4*p + h, -4*h - 594 = -5*p. Suppose -5*n = -2*w + 5*w - p, 3*n - m = -4*w. What is the tens digit of w?
4
Suppose -3*c = 4*r + 384, -156 = 5*r - 5*c + 324. Let j = r + 132. What is the tens digit of j?
3
Suppose 0 = 4*a - 4*y - 19436, 12 = 2*y - 5*y. What is the thousands digit of a?
4
What is the units digit of (-3692640)/(-630)*(-24)/(-14)?
8
Let m(p) = -3*p - 8. Let x be m(-4). Suppose 4*n = x*w + 736, 2*w = -4*n + 5*w + 734. What is the tens digit of n?
8
What is the units digit of 6/(-15)*(-5125)/1?
0
Let f be (-44)/(-24) - 5/(-30). Let d = 24 + -22. Suppose -d*z = -64 - f. What is the units digit of z?
3
Let s(b) = 215*b + 85. Let h be s(9). Let p = 3115 - h. What is the thousands digit of p?
1
Let o = 355 + -334. Suppose -o*i = -16*i - 3650. What is the hundreds digit of i?
7
Suppose 1302 = h + 6*h. Suppose -4*l + 0*l + 5*q + h = 0, 3*l - 5*q = 142. What is the tens digit of l?
4
Let t = 8009 - 4057. What is the units digit of t?
2
Let v(n) = -16*n**3 - 3*n**2 + 32*n + 168. What is the hundreds digit of v(-6)?
3
Suppose 5*i + 2*u = -1503, -3*i = 4*u + 10 + 889. Let s = -101 - i. What is the hundreds digit of s?
2
Let q = 185 + -39. Let i = 678 - q. Suppose -5*d - m + 894 = 0, -3*d - 7*m + i = -2*m. What is the units digit of d?
9
Let s = 0 + 2. Let u(o) = 11*o - o**s + 4 + 0*o + 8*o - 4*o. What is the units digit of u(15)?
4
Suppose 18*h = 25*h - 21. Suppose 0 = -4*v - 2*d + 2516, 5*v + 2536 = 9*v - h*d. What is the hundreds digit of v?
6
What is the tens digit of 3443 - (-24 + (7 - -5))?
5
Suppose -w - 28112 = -5*l, -7*l - 11254 = -9*l + 5*w. What is the hundreds digit of l?
6
Let n(a) = -a**2 + 28*a + 72. Let t be n(28). Suppose -48 - 16 = -4*g. Suppose 4*w = r + t, -4*r - g = -0. What is the tens digit of w?
1
Suppose -34689 = -t - 3*q, 4*q + 34738 = -124*t + 125*t. What is the units digit of t?
0
Suppose 125*h = 120*h - 5*z + 171455, 24 = -4*z. What is the hundreds digit of h?
2
Suppose 1882959 + 1124274 = 381*o. What is the units digit of o?
3
Suppose 0 = -5*l + n + 43, -5*l + 20 = 5*n - 35. Suppose l*g = 3324 + 3444. What is the hundreds digit of g?
7
Suppose -2*j = -3*t + 573, 3*j = -51*t + 54*t - 570. Suppose -196*i + 1035 = -t*i. What is the hundreds digit of i?
3
Let y be (6/8)/((-22)/641960). What is the hundreds digit of (13/(-39))/(5/y)?
4
Suppose -2*f = -9*f + 1295. Suppose 23 - f = -3*b. Suppose d - 24 = -5*z, -d - z = -6*z - b. What is the tens digit of d?
3
Let a(f) = -10*f**3 + 65*f - 3 - 66*f - 24*f**3. What is the units digit of a(-2)?
1
Suppose -65652 = -10*h + 62548. What is the units digit of h?
0
Let g = 12540 - 6038. What is the hundreds digit of g?
5
Let i be -3 + 2 - (-1 + 0). Suppose i = -22*o + 5*o + 15810. What is the hundreds digit of o?
9
Let h = -34912 + 76082. What is the ten thousands digit of h?
4
Let g(s) = 307*s**2 - 73*s - 122. What is the ten thousands digit of g(-9)?
2
Suppose c = -q - 2203, c - 6*c = -3*q - 6577. Let z = -1202 - q. What is the tens digit of z?
9
Let s = -11544 - -21177. What is the units digit of s?
3
Suppose -5*u + 10055 = -4*x, -83 = -5*x - 83. What is the units digit of u?
1
Let v = 6057 - 5297. What is the units digit of v?
0
Suppose -4*u + 9 = 129. What is the tens digit of (-20)/u - (-2066)/6?
4
Let f = -689 + 692. Suppose -f*q + 1752 = -5*y, -3*q + 58 = -4*y - 1691. What is the tens digit of q?
7
Let v(b) be the first derivative of 10*b**3/3 + 6*b**2 + 75*b - 31. What is the tens digit of v(-9)?
7
What is the thousands digit of (2 - 0)*(-17)/(170/(-64365))?
2
Let i(v) be the first derivative of 9*v**2 + 20*v + 2. Let h be i(-5). Let p = h + 130. What is the tens digit of p?
6
Suppose -146 + 101 = 3*d. What is the units digit of (-624)/d*(-200)/(-16)?
0
Suppose -23 = p - 25. Let q be 2/(2 + (-5)/p). What is the units digit of 1 + 8/q - (-127)/1?
6
Let t(u) = u**2 - u - 24. Let a be t(7). Suppose 4*d = 6*d + a. Let z = 105 + d. What is the units digit of z?
6
Let a = 976 + 1245. Suppose 0 = -5*w + a + 329. What is the units digit of w?
0
Suppose -5*s = 2*q - 7*q + 1220, q - 4*s - 235 = 0. Let m = q + -45. Let a = -116 + m. What is the tens digit of a?
8
What is the units digit of -51162*((-50)/156 + (-236)/(-1534))?
7
Let t(i) = 142*i**3 + 5*i**2 + 15*i - 64. Let c be t(4). Suppose c = 16*b - 6132. What is the tens digit of b?
5
Let y be ((-3)/5)/(2/(-10)). Let c be (3 + -1)/((-77)/(-25) - 3). Suppose c = y*b - 215. What is the tens digit of b?
8
Let b(m) = 571*m + 177. What is the tens digit of b(4)?
6
Let k(t) = -2*t - 4. Let j be k(-2). Suppose -5 = -5*d, -4*g + 2*d - 2 + 0 = j. Suppose g = 3*a - 6*a + 285. What is the units digit of a?
5
Suppose -355630 = -22*s - 100*s. What is the hundreds digit of s?
9
Let t(c) = 956*c - 3140. What is the units digit of t(10)?
0
What is the hundreds digit of (-270376)/(-24) + (-2)/5*(-20)/24?
2
Let u be 0 - (1 + -2) - -2. Suppose -100 = -5*c + 3*a + 2*a, c - 12 = -u*a. Let j = -10 + c. What is the units digit of j?
8
What is the ten thousands digit of (-45476)/3*(-141)/94 - (4 + 1)?
2
Suppose 77*r - 82*r + 8643 = -y, y = 4*r - 6914. What is the hundreds digit of r?
7
Suppose 0 = -3*x - 5*o + 72202, 2*x + 15974 = o + 64113. What is the units digit of x?
9
Suppose -620604 = -50*s + 912346. What is the hundreds digit of s?
6
Let o be 4/(-9)*(-6 - 3). Suppose -2*z - o = 4. What is the hundreds digit of -87*(10/z + 3/6)?
1
Let d = -55 + 78. Suppose 4*f - 11 = -d. Let i(g) = -2*g**3 + 2*g**2 - g + 1. What is the tens digit of i(f)?
7
Let f = 26139 + -17913. What is the units digit of f?
6
Let d(j) = -j**3 - 21*j**2 - 32*j + 37. Let f(u) = 20*u**3 - 2*u - 2. Let h be f(-1). What is the hundreds digit of d(h)?
2
Let p = 102 + -53. Suppose o - 59 + p = 0. Suppose -o = -4*s + 118. What is the units digit of s?
2
Let o = -4742 - -11580. What is the hundreds digit of o?
8
Let x(c) = -2*c + 12. Let j be x(4). Suppose j*n - 7*n + 520 = 5*y, 3*n = 0. Suppose -31*l = -29*l - y. What is the tens digit of l?
5
Let r(q) = -58*q + 140. Let l be ((-8)/(-10))/(4/(-30)). What is the hundreds digit of r(l)?
4
Suppose 2036 - 21124 = -3*j - 4*l, -4*j = 4*l - 25448. What is the hundreds digit of j?
3
Let d(v) = -v**3 + 7*v**2 - 8*v + 9. Let t be d(6). Let u(w) = -6*w**3 - 3*w + 11. Let p be u(-7). What is the units digit of t/9 + p/15?
9
Let b = 63589 - 30777. What is the tens digit of b?
1
Let g(a) = a**2 - 11*a + 13. Let p(u) = u**3 + 4*u**2 - 3*u + 11. Let k be p(-5). Let c(h) = h + 1. Let s(y) = k*g(y) + 2*c(y). What is the units digit of s(8)?
7
Suppose 3*m - 1 = -3*x + 20, -2*m + 12 = x. Let y be 717/m - 4/10. Suppose -k + y = -5*q, 0 = -5*k - 0*q - 5*q + 685. What is the tens digit of k?
3
Suppose 3*o + 3*n = 12162, o + n - 4059 = -n. What is the tens digit of o?
4
Let i(n) = 6*n**3 + 11*n**2 - 10*n + 10. Let t(q) = -6*q + 10. Let y be t(1). What is the tens digit of i(y)?
3
Suppose 46*s + 12666 = 178220. Suppose s = 5*z + 334. What is the hundreds digit of z?
6
Let b be ((-24)/12)/(2/(-3)). Suppose k + 2*y = 2*k - 11, -3*y + b = 5*k. Suppose -2*p - 147 = -k*p. What is the hundreds digit of p?
1
Let p(f) be the third derivative of 14*f**2 + 0 + 0*f + 8/3*f**3 - 5/24*f**4. What is the units digit of p(-7)?
1
Suppose 3*f - 2*j = -3*j - 63, -5*j - 95 = 4*f. Let y(g) = 5*g**2 + 7